{"id":112,"date":"2020-07-09T13:28:54","date_gmt":"2020-07-09T13:28:54","guid":{"rendered":"https:\/\/anna-rabien.de\/?page_id=112"},"modified":"2024-02-26T09:59:13","modified_gmt":"2024-02-26T09:59:13","slug":"impressum-anna-rabien-kinder-und-jugendlichenpsychotherapeutin-potsdam","status":"publish","type":"page","link":"https:\/\/anna-rabien.de\/?page_id=112","title":{"rendered":"Impressum"},"content":{"rendered":"\n<h3 class=\"wp-block-heading\">IMPRESSUM:<\/h3>\n\n\n\n<p><strong>Seitenbetreiber \/ Verantwortlicher<\/strong> <strong>gem\u00e4\u00df \u00a7 5 TMG:<\/strong><\/p>\n\n\n\n<p>Anna Rabien, Kinder- und Jugendlichenpsychotherapeutin<\/p>\n\n\n\n<p>Privatpraxis (VT) f\u00fcr Kinder- und Jugendlichenpsychotherapie<br>Zeppelinstr. 148<br>14471 Potsdam<br>Telefon: 0331\/2370 2326<br>Telefax: 0331\/2370 2327<\/p>\n\n\n\n<p>Email: mail (at) anna-rabien.de<br>Internet: www.anna-rabien.de<\/p>\n\n\n\n<p><strong>verantwortlich f\u00fcr den Inhalt nach \u00a7 55 Abs. 2 RStV: <\/strong><\/p>\n\n\n\n<p>Anna Rabien (Praxisinhaberin, w.o.)<\/p>\n\n\n\n<p><\/p>\n\n\n\n<p><strong>ma\u00dfgebliche berufsrechtliche Regelungen:<\/strong><\/p>\n\n\n\n<ul>\n<li>Gesetz \u00fcber die Berufe des psychologischen Psychotherapeuten und des Kinder- und Jugendlichenpsychotherapeuten (PsychThG) in der jeweils geltenden Fassung, <a href=\"https:\/\/www.gesetze-im-internet.de\/psychthg\/PsychThG.pdf\">https:\/\/www.gesetze-im-internet.de\/psychthg\/PsychThG.pdf<\/a><\/li>\n<\/ul>\n\n\n\n<ul>\n<li>Berufsordnung der Ostdeutschen Psychotherapeutenkammer (BO-OPK) in der jeweils geltenden Fassung, <a href=\"https:\/\/opk-info.de\/wp-content\/uploads\/Berufsordnung-20141126.pdf?x74721\">https:\/\/opk-info.de\/wp-content\/uploads\/Berufsordnung-20141126.pdf?x74721<\/a><\/li>\n<\/ul>\n\n\n\n<ul>\n<li>Heilberufsgesetz (HeilBerG) Brandenburg in der jeweils geltenden Fassung, <a href=\"https:\/\/beck-online.beck.de\/Dokument?vpath=bibdata%2Fges%2Fbbgheilberg%2Fcont%2Fbbgheilberg.htm&amp;anchor=Y-100-G-BBGHEILBERG\" target=\"_blank\" rel=\"noreferrer noopener\">https:\/\/beck-online.beck.de\/Dokumentvpath=bibdata%2Fges%2Fbbgheilberg%2Fcont%2Fbbgheilberg.htm&amp;anchor=Y-100-G-BBGHEILBERG<\/a><\/li>\n<\/ul>\n\n\n\n<p>(Texte der vorgenannten Bestimmungen sind dar\u00fcber hinaus im Buchhandel, auf der Homepage der zust\u00e4ndigen Aufsichtsbeh\u00f6rde (s.u.) oder im Internet unter Angabe des Titels erh\u00e4ltlich.)<\/p>\n\n\n\n<p><\/p>\n\n\n\n<p><strong>zust\u00e4ndige Aufsichtsbeh\u00f6rde: <\/strong><\/p>\n\n\n\n<p>Ostdeutsche Psychotherapeutenkammer, Kickerlingsberg 16, 04105 Leipzig, <a href=\"https:\/\/opk-info.de\/\">https:\/\/opk-info.de\/<\/a><\/p>\n\n\n\n<p><\/p>\n\n\n\n<p><strong>Geb\u00fchrenordnung:<\/strong><\/p>\n\n\n\n<p>Geb\u00fchrenordnung f\u00fcr Psychologische Psychotherapeuten und Kinder- und Jugendlichenpsychotherapeuten, <a href=\"http:\/\/www.gesetze-im-internet.de\/gop\/\" target=\"_blank\" rel=\"noreferrer noopener\">http:\/\/www.gesetze-im-internet.de\/gop\/<\/a><\/p>\n\n\n\n<p><\/p>\n\n\n\n<p><strong>berufsrechtliche Angaben:<\/strong><\/p>\n\n\n\n<ul>\n<li>gesetzliche Berufsbezeichnung: Kinder- und Jugendlichenpsychotherapeutin, verliehen in der Bundesrepublik Deutschland <\/li>\n<\/ul>\n\n\n\n<ul>\n<li>Approbation<em> <\/em>verliehen durch das Landesamt f\u00fcr Arbeitsschutz, Verbraucherschutz und Gesundheit Brandenburg, LAVG, Abteilung Gesundheit, W\u00fcnsdorfer Platz 3, 15806 Zossen OT W\u00fcnsdorf, <a href=\"https:\/\/lavg.brandenburg.de\/sixcms\/detail.php\/bb1.c.419283.de\">https:\/\/lavg.brandenburg.de\/sixcms\/detail.php\/bb1.c.419283.de<\/a><\/li>\n<\/ul>\n\n\n\n<ul>\n<li>Approbations-Reg.-Nr.: 027\/KJP\/20<\/li>\n<\/ul>\n\n\n\n<ul>\n<li>zugh\u00f6rig zur Ostdeutschen Psychotherapeutenkammer (OPK), <a href=\"https:\/\/opk-info.de\/\">https:\/\/opk-info.de\/<\/a><\/li>\n\n\n\n<li>eingetragen im Psychotherapeutenregister der Kassen\u00e4rztlichen Vereinigung Brandenburg, Pappelallee 5, 14469 Potsdam, <a href=\"https:\/\/www.kvbb.de\/\">https:\/\/www.kvbb.de\/<\/a><\/li>\n\n\n\n<li>Eintragunsnummer: 51126<\/li>\n<\/ul>\n\n\n\n<p><\/p>\n\n\n\n<p><strong>Haftung f\u00fcr Inhalte:<\/strong> <\/p>\n\n\n\n<p>Die Inhalte meiner Seiten wurden mit gr\u00f6\u00dfter Sorgfalt erstellt. F\u00fcr die Richtigkeit, Vollst\u00e4ndigkeit und Aktualit\u00e4t der Inhalte kann ich jedoch keine Gew\u00e4hr \u00fcbernehmen. <br>Als Diensteanbieter bin ich gem\u00e4\u00df \u00a7 7 Abs.1 TMG f\u00fcr eigene Inhalte auf diesen Seiten nach den allgemeinen Gesetzen verantwortlich. Nach \u00a7\u00a7 8 bis 10 TMG bin ich als Diensteanbieter jedoch nicht verpflichtet, \u00fcbermittelte oder gespeicherte fremde Informationen zu \u00fcberwachen oder nach Umst\u00e4nden zu forschen, die auf eine rechtswidrige T\u00e4tigkeit hinweisen.<br>Verpflichtungen zur Entfernung oder Sperrung der Nutzung von Informationen nach den allgemeinen Gesetzen bleiben hiervon unber\u00fchrt. Eine diesbez\u00fcgliche Haftung ist jedoch erst ab dem Zeitpunkt der Kenntnis einer konkreten Rechtsverletzung m\u00f6glich. Bei Bekanntwerden von entsprechenden Rechtsverletzungen werde ich diese Inhalte umgehend entfernen.<br><\/p>\n\n\n\n<p><strong>Haftung f\u00fcr Links:<\/strong><\/p>\n\n\n\n<p>Unser Angebot enth\u00e4lt Links zu externen Websites Dritter, auf deren Inhalte wir keinen Einfluss haben. Deshalb k\u00f6nnen wir f\u00fcr diese fremden Inhalte auch keine Gew\u00e4hr \u00fcbernehmen. F\u00fcr die Inhalte der verlinkten Seiten ist stets der jeweilige Anbieter oder Betreiber der Seiten verantwortlich. Die verlinkten Seiten wurden zum Zeitpunkt der Verlinkung auf m\u00f6gliche Rechtsverst\u00f6\u00dfe \u00fcberpr\u00fcft. Rechtswidrige Inhalte waren zum Zeitpunkt der Verlinkung nicht erkennbar. Deshalb distanzieren wir uns hiermit ausdr\u00fccklich von allen Inhalten aller gelinkten Seiten.<br>Eine permanente inhaltliche Kontrolle der verlinkten Seiten ist jedoch ohne konkrete Anhaltspunkte einer Rechtsverletzung nicht zumutbar. Bei Bekanntwerden von Rechtsverletzungen werde ich derartige Links umgehend entfernen.<br><\/p>\n\n\n\n<p><strong>Urheberrecht:<\/strong><\/p>\n\n\n\n<p>Alle in diesem Angebot ver\u00f6ffentlichten Beitr\u00e4ge sind urheberrechtlich gesch\u00fctzt. Die durch die Seitenbetreiber erstellten Inhalte und Werke auf diesen Seiten unterliegen dem deutschen Urheberrecht. Die Vervielf\u00e4ltigung, Bearbeitung, Verbreitung und jede Art der Verwertung au\u00dferhalb der Grenzen des Urheberrechtes bed\u00fcrfen der schriftlichen Zustimmung des jeweiligen Autors bzw. Erstellers. Downloads und Kopien dieser Seite sind nur f\u00fcr den privaten, nicht kommerziellen Gebrauch gestattet. <br>Soweit die Inhalte auf dieser Seite nicht vom Betreiber erstellt wurden, werden die Urheberrechte Dritter beachtet. Insbesondere werden Inhalte Dritter als solche gekennzeichnet. Sollten Sie trotzdem auf eine Urheberrechtsverletzung aufmerksam werden, bitten wir um einen entsprechenden Hinweis. Bei Bekanntwerden von Rechtsverletzungen werde ich derartige Inhalte umgehend entfernen.<\/p>\n\n\n\n<p><\/p>\n\n\n\n<p><strong>Datenschutz<\/strong>:<\/p>\n\n\n\n<p>Die Nutzung dieser Webseite ist in der Regel ohne Angabe personenbezogener Daten m\u00f6glich. Soweit auf unseren Seiten personenbezogene Daten (z.B. Name, Anschrift oder eMail-Adresse) erhoben werden, erfolgt dies, soweit m\u00f6glich, auf freiwilliger Basis. Diese Daten werden ohne Ihre ausdr\u00fcckliche Zustimmung nicht an Dritte weitergegeben. Ich weise darauf hin, dass die Daten\u00fcbertragung im Internet (z.B. bei der Kommunikation per E-Mail) Sicherheitsl\u00fccken aufweisen kann. Ein l\u00fcckenloser Schutz der Daten vor dem Zugriff durch Dritte ist nicht m\u00f6glich. Der Nutzung von im Rahmen der Impressumspflicht ver\u00f6ffentlichten Kontaktdaten durch Dritte zur \u00dcbersendung von nicht ausdr\u00fccklich angeforderter Werbung und Informationsmaterialien wird hiermit ausdr\u00fccklich widersprochen. Die Betreiber der Seiten behalten sich ausdr\u00fccklich rechtliche Schritte im Falle der unverlangten Zusendung von Werbeinformationen, etwa durch Spam-Mails, vor.<\/p>\n\n\n\n<p><\/p>\n\n\n\n<p><strong>Fotos:<\/strong> Nathalie Blasinger<\/p>\n","protected":false},"excerpt":{"rendered":"<p>IMPRESSUM: Seitenbetreiber \/ Verantwortlicher gem\u00e4\u00df \u00a7 5 TMG: Anna Rabien, Kinder- und Jugendlichenpsychotherapeutin Privatpraxis (VT) f\u00fcr Kinder- und JugendlichenpsychotherapieZeppelinstr. 14814471 PotsdamTelefon: 0331\/2370 2326Telefax: 0331\/2370 2327 Email: mail (at) anna-rabien.deInternet: www.anna-rabien.de verantwortlich f\u00fcr den Inhalt nach \u00a7 55 Abs. 2 RStV: Anna Rabien (Praxisinhaberin, w.o.) ma\u00dfgebliche berufsrechtliche Regelungen: (Texte der vorgenannten Bestimmungen sind dar\u00fcber hinaus im&hellip;&nbsp;<a href=\"https:\/\/anna-rabien.de\/?page_id=112\" class=\"\" rel=\"bookmark\">Weiterlesen &raquo;<span class=\"screen-reader-text\">Impressum<\/span><\/a><\/p>\n","protected":false},"author":1,"featured_media":0,"parent":0,"menu_order":0,"comment_status":"closed","ping_status":"closed","template":"","meta":{"neve_meta_sidebar":"full-width","neve_meta_container":"","neve_meta_enable_content_width":"on","neve_meta_content_width":90,"neve_meta_title_alignment":"","neve_meta_author_avatar":"","neve_post_elements_order":"","neve_meta_disable_header":"","neve_meta_disable_footer":"","neve_meta_disable_title":"on","_themeisle_gutenberg_block_has_review":false,"footnotes":""},"featured_image_src":null,"featured_image_src_square":null,"_links":{"self":[{"href":"https:\/\/anna-rabien.de\/index.php?rest_route=\/wp\/v2\/pages\/112"}],"collection":[{"href":"https:\/\/anna-rabien.de\/index.php?rest_route=\/wp\/v2\/pages"}],"about":[{"href":"https:\/\/anna-rabien.de\/index.php?rest_route=\/wp\/v2\/types\/page"}],"author":[{"embeddable":true,"href":"https:\/\/anna-rabien.de\/index.php?rest_route=\/wp\/v2\/users\/1"}],"replies":[{"embeddable":true,"href":"https:\/\/anna-rabien.de\/index.php?rest_route=%2Fwp%2Fv2%2Fcomments&post=112"}],"version-history":[{"count":35,"href":"https:\/\/anna-rabien.de\/index.php?rest_route=\/wp\/v2\/pages\/112\/revisions"}],"predecessor-version":[{"id":650,"href":"https:\/\/anna-rabien.de\/index.php?rest_route=\/wp\/v2\/pages\/112\/revisions\/650"}],"wp:attachment":[{"href":"https:\/\/anna-rabien.de\/index.php?rest_route=%2Fwp%2Fv2%2Fmedia&parent=112"}],"curies":[{"name":"wp","href":"https:\/\/api.w.org\/{rel}","templated":true}]}}