{"id":152,"date":"2020-07-09T13:30:49","date_gmt":"2020-07-09T13:30:49","guid":{"rendered":"https:\/\/anna-rabien.de\/?page_id=152"},"modified":"2024-01-20T19:31:43","modified_gmt":"2024-01-20T19:31:43","slug":"psychotherapie-fuer-jugendliche","status":"publish","type":"page","link":"https:\/\/anna-rabien.de\/?page_id=152","title":{"rendered":"Psychotherapie f\u00fcr Jugendliche"},"content":{"rendered":"\n<h3 class=\"wp-block-heading\">Psychotherapie f\u00fcr Jugendliche<\/h3>\n\n\n\n<p>Die Zeit des Erwachsenwerdens ist f\u00fcr Jugendliche nicht immer leicht. K\u00f6rper und Seele ver\u00e4ndern sich, der Druck in der Schule w\u00e4chst, mit Konflikten unter Gleichaltrigen muss mehr und mehr allein umgegangen werden. Der Abnabelungsprozess von der Familie geht vielleicht ebenfalls mit vermehrten Streitigkeiten einher. All diese Dinge belasten jeden jungen Menschen anders. <\/p>\n\n\n\n<div class=\"wp-block-media-text has-media-on-the-right is-stacked-on-mobile\"><div class=\"wp-block-media-text__content\">\n<p>Manchmal kann die emotionale und psychische Belastung so stark werden, dass zum Beispiel folgende Symptome auftreten:<\/p>\n\n\n\n<ul>\n<li>\u00c4ngste (z.B. soziale Angst, Leistungsangst, Pr\u00fcfungsangst, Phobien)<\/li>\n\n\n\n<li>Schule schw\u00e4nzen<\/li>\n\n\n\n<li>Depressionen<\/li>\n\n\n\n<li>Schlafst\u00f6rungen<\/li>\n\n\n\n<li>Panikattacken<\/li>\n\n\n\n<li>sexuelle Identit\u00e4tsst\u00f6rungen<\/li>\n\n\n\n<li>Konzentrationsschwierigkeiten<\/li>\n\n\n\n<li>Suizidgedanken, Selbstverletzungen<\/li>\n\n\n\n<li>Medien-, Alkohol- und Cannabismissbrauch<\/li>\n\n\n\n<li>Aggressives Verhalten und\/oder permanent gereizte Stimmung<\/li>\n\n\n\n<li>Kopf-, Bauchschmerzen oder andere andauernde k\u00f6rperliche Beschwerden<\/li>\n\n\n\n<li>zwanghaftes Verhalten (z.B. Waschzwang, Kontrollzwang)<\/li>\n\n\n\n<li>Ver\u00e4nderungen des Essverhaltens mit der Folge von Gewichtszu- oder -abnahme<\/li>\n\n\n\n<li>Tics<\/li>\n<\/ul>\n<\/div><figure class=\"wp-block-media-text__media\"><img loading=\"lazy\" decoding=\"async\" width=\"1024\" height=\"683\" src=\"https:\/\/anna-rabien.de\/wp-content\/uploads\/2024\/01\/SA13064-1024x683.jpg\" alt=\"Therapiehund Cooper in der Praxis\" class=\"wp-image-552 size-full\" srcset=\"https:\/\/anna-rabien.de\/wp-content\/uploads\/2024\/01\/SA13064-1024x683.jpg 1024w, https:\/\/anna-rabien.de\/wp-content\/uploads\/2024\/01\/SA13064-300x200.jpg 300w, https:\/\/anna-rabien.de\/wp-content\/uploads\/2024\/01\/SA13064-768x512.jpg 768w, https:\/\/anna-rabien.de\/wp-content\/uploads\/2024\/01\/SA13064-1536x1024.jpg 1536w, https:\/\/anna-rabien.de\/wp-content\/uploads\/2024\/01\/SA13064-2048x1365.jpg 2048w, https:\/\/anna-rabien.de\/wp-content\/uploads\/2024\/01\/SA13064-600x400.jpg 600w, https:\/\/anna-rabien.de\/wp-content\/uploads\/2024\/01\/SA13064-930x620.jpg 930w\" sizes=\"(max-width: 1024px) 100vw, 1024px\" \/><\/figure><\/div>\n\n\n\n<p>Halten diese \u00fcber einen l\u00e4ngeren Zeitraum an und lassen sich allein durch die Hilfe von guten Freunden oder der Familie nicht in den Griff bekommen, kann es helfen, zu einer Kinder- und Jugendlichenpsychotherapeutin zu gehen.<\/p>\n\n\n\n<h3 class=\"wp-block-heading\">Der Ablauf<\/h3>\n\n\n\n<p><strong>Das Erstgespr\u00e4ch<\/strong><\/p>\n\n\n\n<p>Beim Erstgespr\u00e4ch lernen wir uns erst mal kennen. Meistens findet das erste Gespr\u00e4ch im Beisein der Eltern statt. Auf Wunsch kann das Gespr\u00e4ch aber jederzeit getrennt voneinander weitergef\u00fchrt werden. Ab dem Alter von 16 Jahren k\u00f6nnen Jugendliche auch allein zu mir kommen.<\/p>\n\n\n\n<p>W\u00e4hrend des ersten Gespr\u00e4ches verschaffen wir uns schon mal einen \u00dcberblick \u00fcber die mitgebrachten Anliegen und k\u00f6nnen herausfinden, ob sich alle Beteiligten wohl f\u00fchlen. Wenn das Bauchgef\u00fchl dann sagt, dass es O.K. ist wiederzukommen, geht es wie folgt weiter:<\/p>\n\n\n\n<p><strong>Die Probatorik<\/strong><\/p>\n\n\n\n<p>W\u00e4hrend der Probatorik gilt es herauszubekommen, ob eine Psychotherapie sinnvoll ist. Daf\u00fcr werden wir miteinander sprechen, es wird Frageb\u00f6gen und eventuell andere standardisierte Testverfahren geben. Je nach Symptomatik kann auch die Einbeziehung anderer Bezugspersonen neben den Eltern oder der Schule sinnvoll sein. Nach der umfassenden Diagnostik werden wir dann wissen, ob eine Psychotherapie die richtige Hilfe darstellt.<\/p>\n\n\n\n<p><strong>Die Entscheidung<\/strong><\/p>\n\n\n\n<p>An dieser Stelle haben wir uns bereits ganz gut kennen gelernt und k\u00f6nnen entscheiden, ob wir uns eine Zusammenarbeit vorstellen k\u00f6nnen. Dann brauchen wir nur noch einen Konsiliarbericht des zust\u00e4ndigen Hausarztes und die Kosten\u00fcbernahme kann bei der Krankenkasse beantragt werden. (N\u00e4here Informationen dazu gibt es dann von mir und der zust\u00e4ndigen Krankenkasse)<\/p>\n\n\n\n<p>An dieser Stelle gibt es nat\u00fcrlich auch die M\u00f6glichkeit, sich gegen eine Therapie oder f\u00fcr eine andere Therapeutin zu entscheiden. In jedem Fall gibt es neben dem pers\u00f6nlichen Auswertungsgespr\u00e4ch eine schriftliche Auswertung der Diagnostik.<\/p>\n\n\n\n<p><strong>Die Therapie<\/strong><\/p>\n\n\n\n<p>Die Therapieziele vereinbaren wir gemeinsam, je nach Alter auch mit den Eltern.<\/p>\n\n\n\n<p>Mit Hilfe von Gespr\u00e4chen und kleinen \u00dcbungen werden wir dann daran arbeiten diese Ziele zu erreichen.<\/p>\n\n\n\n<p>Dauer, Frequenz und Einbeziehung der Eltern oder anderen Bezugspersonen in die Therapiestunden sind sowohl vom Alter als auch der Symptomatik abh\u00e4ngig. Diese Punkte werden wir daher pers\u00f6nlich besprechen, wenn wir uns kennenlernen.<\/p>\n\n\n\n<p>Ich freue mich darauf!<\/p>\n","protected":false},"excerpt":{"rendered":"<p>Psychotherapie f\u00fcr Jugendliche Die Zeit des Erwachsenwerdens ist f\u00fcr Jugendliche nicht immer leicht. K\u00f6rper und Seele ver\u00e4ndern sich, der Druck in der Schule w\u00e4chst, mit Konflikten unter Gleichaltrigen muss mehr und mehr allein umgegangen werden. Der Abnabelungsprozess von der Familie geht vielleicht ebenfalls mit vermehrten Streitigkeiten einher. All diese Dinge belasten jeden jungen Menschen anders.&hellip;&nbsp;<a href=\"https:\/\/anna-rabien.de\/?page_id=152\" class=\"\" rel=\"bookmark\">Weiterlesen &raquo;<span class=\"screen-reader-text\">Psychotherapie f\u00fcr Jugendliche<\/span><\/a><\/p>\n","protected":false},"author":1,"featured_media":0,"parent":150,"menu_order":0,"comment_status":"closed","ping_status":"closed","template":"","meta":{"neve_meta_sidebar":"","neve_meta_container":"","neve_meta_enable_content_width":"on","neve_meta_content_width":90,"neve_meta_title_alignment":"","neve_meta_author_avatar":"","neve_post_elements_order":"","neve_meta_disable_header":"","neve_meta_disable_footer":"","neve_meta_disable_title":"on","_themeisle_gutenberg_block_has_review":false,"footnotes":""},"featured_image_src":null,"featured_image_src_square":null,"_links":{"self":[{"href":"https:\/\/anna-rabien.de\/index.php?rest_route=\/wp\/v2\/pages\/152"}],"collection":[{"href":"https:\/\/anna-rabien.de\/index.php?rest_route=\/wp\/v2\/pages"}],"about":[{"href":"https:\/\/anna-rabien.de\/index.php?rest_route=\/wp\/v2\/types\/page"}],"author":[{"embeddable":true,"href":"https:\/\/anna-rabien.de\/index.php?rest_route=\/wp\/v2\/users\/1"}],"replies":[{"embeddable":true,"href":"https:\/\/anna-rabien.de\/index.php?rest_route=%2Fwp%2Fv2%2Fcomments&post=152"}],"version-history":[{"count":10,"href":"https:\/\/anna-rabien.de\/index.php?rest_route=\/wp\/v2\/pages\/152\/revisions"}],"predecessor-version":[{"id":587,"href":"https:\/\/anna-rabien.de\/index.php?rest_route=\/wp\/v2\/pages\/152\/revisions\/587"}],"up":[{"embeddable":true,"href":"https:\/\/anna-rabien.de\/index.php?rest_route=\/wp\/v2\/pages\/150"}],"wp:attachment":[{"href":"https:\/\/anna-rabien.de\/index.php?rest_route=%2Fwp%2Fv2%2Fmedia&parent=152"}],"curies":[{"name":"wp","href":"https:\/\/api.w.org\/{rel}","templated":true}]}}