{"id":155,"date":"2020-07-09T13:30:49","date_gmt":"2020-07-09T13:30:49","guid":{"rendered":"https:\/\/anna-rabien.de\/?page_id=155"},"modified":"2025-11-13T13:43:59","modified_gmt":"2025-11-13T13:43:59","slug":"qualifikationen","status":"publish","type":"page","link":"https:\/\/anna-rabien.de\/?page_id=155","title":{"rendered":"Qualifikationen"},"content":{"rendered":"\n<div class=\"wp-block-atomic-blocks-ab-columns ab-layout-service-4 ab-layout-columns-2 ab-2-col-equal ab-columns-center alignfull\" style=\"padding-top:15%;padding-right:5%;padding-bottom:15%;padding-left:5%\"><div class=\"ab-layout-column-wrap ab-block-layout-column-gap-2 ab-is-responsive-column\" style=\"max-width:1199px\">\n<div class=\"wp-block-atomic-blocks-ab-column ab-block-layout-column ab-is-vertically-aligned-top\"><div class=\"ab-block-layout-column-inner\">\n<h3 class=\"wp-block-heading\">Qualifikationen<\/h3>\n\n\n\n<ul>\n<li>Zertifizierte Therapeutin f\u00fcr die hundgest\u00fctzte Psychotherapie nach Wikkegaard<\/li>\n\n\n\n<li>Approbierte Kinder- und Jugendlichenpsychotherapeutin f\u00fcr Verhaltenstherapie<\/li>\n<\/ul>\n\n\n\n<ul>\n<li>Erlebnisp\u00e4dagogin\/Outdoortrainerin<\/li>\n<\/ul>\n\n\n\n<ul>\n<li>Diplom-P\u00e4dagogin<\/li>\n<\/ul>\n\n\n\n<div style=\"height:44px\" aria-hidden=\"true\" class=\"wp-block-spacer\"><\/div>\n\n\n\n<h3 class=\"wp-block-heading\">Berufst\u00e4tigkeit<\/h3>\n\n\n\n<ul>\n<li>ambulante Pschychotherapie f\u00fcr Kinder- Jugendliche und junge Erwachsene in eigener Praxis<\/li>\n<\/ul>\n\n\n\n<ul>\n<li>therapeutische Arbeit mit Kindern und Jugendlichen (zun\u00e4chst unter Supervision) an der Ambulanz der Akademie f\u00fcr Psychotherapie und Interventionsforschung (API) an der Universit\u00e4t Potsdam<\/li>\n<\/ul>\n\n\n\n<ul>\n<li>Sozialarbeiterin an der \u201eSchule am Schleusenweg\u201c Kleinmachnow mit dem sonderp\u00e4dagogischen F\u00f6rderschwerpunkt \u201eLernen\u201c  f\u00fcr den Tr\u00e4ger \u201eStiftung JOB\u201c<\/li>\n<\/ul>\n\n\n\n<ul>\n<li>Sozialarbeiterin im Schulverweigererprojekt des Tr\u00e4gers JOB e.V. <\/li>\n<\/ul>\n<\/div><\/div>\n\n\n\n<div class=\"wp-block-atomic-blocks-ab-column ab-block-layout-column\"><div class=\"ab-block-layout-column-inner\"><div class=\"wp-block-image is-style-default\">\n<figure class=\"aligncenter size-large\"><img loading=\"lazy\" decoding=\"async\" width=\"731\" height=\"1024\" src=\"https:\/\/anna-rabien.de\/wp-content\/uploads\/2024\/01\/SA13298-731x1024.jpg\" alt=\"Anna Rabien KJP\" class=\"wp-image-538\" srcset=\"https:\/\/anna-rabien.de\/wp-content\/uploads\/2024\/01\/SA13298-731x1024.jpg 731w, https:\/\/anna-rabien.de\/wp-content\/uploads\/2024\/01\/SA13298-214x300.jpg 214w, https:\/\/anna-rabien.de\/wp-content\/uploads\/2024\/01\/SA13298-768x1075.jpg 768w, https:\/\/anna-rabien.de\/wp-content\/uploads\/2024\/01\/SA13298-1097x1536.jpg 1097w, https:\/\/anna-rabien.de\/wp-content\/uploads\/2024\/01\/SA13298-1463x2048.jpg 1463w, https:\/\/anna-rabien.de\/wp-content\/uploads\/2024\/01\/SA13298-scaled.jpg 1829w\" sizes=\"(max-width: 731px) 100vw, 731px\" \/><\/figure><\/div><\/div><\/div>\n<\/div><\/div>\n","protected":false},"excerpt":{"rendered":"","protected":false},"author":1,"featured_media":0,"parent":160,"menu_order":0,"comment_status":"closed","ping_status":"closed","template":"","meta":{"neve_meta_sidebar":"","neve_meta_container":"","neve_meta_enable_content_width":"on","neve_meta_content_width":90,"neve_meta_title_alignment":"","neve_meta_author_avatar":"","neve_post_elements_order":"","neve_meta_disable_header":"","neve_meta_disable_footer":"","neve_meta_disable_title":"on","_themeisle_gutenberg_block_has_review":false,"footnotes":""},"featured_image_src":null,"featured_image_src_square":null,"_links":{"self":[{"href":"https:\/\/anna-rabien.de\/index.php?rest_route=\/wp\/v2\/pages\/155"}],"collection":[{"href":"https:\/\/anna-rabien.de\/index.php?rest_route=\/wp\/v2\/pages"}],"about":[{"href":"https:\/\/anna-rabien.de\/index.php?rest_route=\/wp\/v2\/types\/page"}],"author":[{"embeddable":true,"href":"https:\/\/anna-rabien.de\/index.php?rest_route=\/wp\/v2\/users\/1"}],"replies":[{"embeddable":true,"href":"https:\/\/anna-rabien.de\/index.php?rest_route=%2Fwp%2Fv2%2Fcomments&post=155"}],"version-history":[{"count":32,"href":"https:\/\/anna-rabien.de\/index.php?rest_route=\/wp\/v2\/pages\/155\/revisions"}],"predecessor-version":[{"id":660,"href":"https:\/\/anna-rabien.de\/index.php?rest_route=\/wp\/v2\/pages\/155\/revisions\/660"}],"up":[{"embeddable":true,"href":"https:\/\/anna-rabien.de\/index.php?rest_route=\/wp\/v2\/pages\/160"}],"wp:attachment":[{"href":"https:\/\/anna-rabien.de\/index.php?rest_route=%2Fwp%2Fv2%2Fmedia&parent=155"}],"curies":[{"name":"wp","href":"https:\/\/api.w.org\/{rel}","templated":true}]}}

<div class="wp-block-atomic-blocks-ab-columns ab-layout-service-4 ab-layout-columns-2 ab-2-col-equal ab-columns-center alignfull" style="padding-top:15%;padding-right:5%;padding-bottom:15%;padding-left:5%"><div class="ab-layout-column-wrap ab-block-layout-column-gap-2 ab-is-responsive-column" style="max-width:1199px">
<div class="wp-block-atomic-blocks-ab-column ab-block-layout-column ab-is-vertically-aligned-top"><div class="ab-block-layout-column-inner">
<h3 class="wp-block-heading">Qualifikationen</h3>



<ul>
<li>Zertifizierte Therapeutin für die hundgestützte Psychotherapie nach Wikkegaard</li>



<li>Approbierte Kinder- und Jugendlichenpsychotherapeutin für Verhaltenstherapie</li>
</ul>



<ul>
<li>Erlebnispädagogin/Outdoortrainerin</li>
</ul>



<ul>
<li>Diplom-Pädagogin</li>
</ul>



<div style="height:44px" aria-hidden="true" class="wp-block-spacer"></div>



<h3 class="wp-block-heading">Berufstätigkeit</h3>



<ul>
<li>ambulante Pschychotherapie für Kinder- Jugendliche und junge Erwachsene in eigener Praxis</li>
</ul>



<ul>
<li>therapeutische Arbeit mit Kindern und Jugendlichen (zunächst unter Supervision) an der Ambulanz der Akademie für Psychotherapie und Interventionsforschung (API) an der Universität Potsdam</li>
</ul>



<ul>
<li>Sozialarbeiterin an der „Schule am Schleusenweg“ Kleinmachnow mit dem sonderpädagogischen Förderschwerpunkt „Lernen“  für den Träger „Stiftung JOB“</li>
</ul>



<ul>
<li>Sozialarbeiterin im Schulverweigererprojekt des Trägers JOB e.V. </li>
</ul>
</div></div>



<div class="wp-block-atomic-blocks-ab-column ab-block-layout-column"><div class="ab-block-layout-column-inner"><div class="wp-block-image is-style-default">
<figure class="aligncenter size-large"><img loading="lazy" decoding="async" width="731" height="1024" src="https://anna-rabien.de/wp-content/uploads/2024/01/SA13298-731x1024.jpg" alt="Anna Rabien KJP" class="wp-image-538" srcset="https://anna-rabien.de/wp-content/uploads/2024/01/SA13298-731x1024.jpg 731w, https://anna-rabien.de/wp-content/uploads/2024/01/SA13298-214x300.jpg 214w, https://anna-rabien.de/wp-content/uploads/2024/01/SA13298-768x1075.jpg 768w, https://anna-rabien.de/wp-content/uploads/2024/01/SA13298-1097x1536.jpg 1097w, https://anna-rabien.de/wp-content/uploads/2024/01/SA13298-1463x2048.jpg 1463w, https://anna-rabien.de/wp-content/uploads/2024/01/SA13298-scaled.jpg 1829w" sizes="(max-width: 731px) 100vw, 731px" /></figure></div></div></div>
</div></div>
